s divided by 9377?
517
What is the remainder when 8884 is divided by 3998?
888
Calculate the remainder when 10161 is divided by 157.
113
Calculate the remainder when 122424 is divided by 61.
58
Calculate the remainder when 3170 is divided by 224.
34
What is the remainder when 6320 is divided by 182?
132
Calculate the remainder when 43704 is divided by 14385.
549
Calculate the remainder when 3362 is divided by 158.
44
Calculate the remainder when 29811 is divided by 67.
63
What is the remainder when 7101 is divided by 96?
93
Calculate the remainder when 253323 is divided by 12666.
3
What is the remainder when 1876 is divided by 298?
88
Calculate the remainder when 9924 is divided by 453.
411
Calculate the remainder when 3952634 is divided by 243.
239
What is the remainder when 9746 is divided by 3241?
23
What is the remainder when 863 is divided by 213?
11
What is the remainder when 16900 is divided by 938?
16
Calculate the remainder when 34508 is divided by 17250.
8
What is the remainder when 34902 is divided by 65?
62
Calculate the remainder when 9502 is divided by 19.
2
What is the remainder when 7267 is divided by 190?
47
What is the remainder when 46236 is divided by 160?
156
What is the remainder when 32577 is divided by 46?
9
What is the remainder when 25471 is divided by 128?
127
Calculate the remainder when 8443 is divided by 1206.
1
What is the remainder when 12478 is divided by 56?
46
What is the remainder when 17729 is divided by 14?
5
What is the remainder when 27440 is divided by 5488?
0
What is the remainder when 202963 is divided by 272?
51
What is the remainder when 51534 is divided by 21?
0
What is the remainder when 5468 is divided by 2451?
566
Calculate the remainder when 39909 is divided by 39882.
27
What is the remainder when 1084997 is divided by 20?
17
Calculate the remainder when 8890791 is divided by 1172.
1171
Calculate the remainder when 788990 is divided by 49.
41
Calculate the remainder when 119567 is divided by 47.
46
Calculate the remainder when 5166 is divided by 2582.
2
Calculate the remainder when 7500 is divided by 187.
20
What is the remainder when 51950 is divided by 10386?
20
What is the remainder when 146861 is divided by 301?
274
What is the remainder when 18906 is divided by 511?
510
What is the remainder when 35470 is divided by 9?
1
Calculate the remainder when 1009 is divided by 302.
103
Calculate the remainder when 75492 is divided by 15098.
2
What is the remainder when 66010 is divided by 13199?
15
Calculate the remainder when 1380407 is divided by 44.
39
Calculate the remainder when 285274 is divided by 4.
2
Calculate the remainder when 251232 is divided by 35890.
2
What is the remainder when 28341 is divided by 1287?
27
Calculate the remainder when 5258 is divided by 24.
2
What is the remainder when 46859 is divided by 213?
212
What is the remainder when 1822 is divided by 603?
13
Calculate the remainder when 825 is divided by 66.
33
What is the remainder when 24919 is divided by 13?
11
What is the remainder when 10042 is divided by 3300?
142
Calculate the remainder when 31784 is divided by 1973.
216
Calculate the remainder when 2275 is divided by 2265.
10
Calculate the remainder when 2915 is divided by 370.
325
Calculate the remainder when 6837 is divided by 2279.
0
Calculate the remainder when 2732 is divided by 2724.
8
What is the remainder when 12088 is divided by 295?
288
Calculate the remainder when 4633 is divided by 4607.
26
Calculate the remainder when 42143 is divided by 809.
75
Calculate the remainder when 763 is divided by 250.
13
What is the remainder when 3389 is divided by 1128?
5
Calculate the remainder when 3590 is divided by 3532.
58
What is the remainder when 29202 is divided by 944?
882
What is the remainder when 1698 is divided by 313?
133
What is the remainder when 737330 is divided by 4262?
4
Calculate the remainder when 247174 is divided by 26.
18
Calculate the remainder when 1374882 is divided by 638.
630
What is the remainder when 17049 is divided by 155?
154
What is the remainder when 75290 is divided by 89?
85
Calculate the remainder when 1434 is divided by 1357.
77
What is the remainder when 1450 is divided by 85?
5
Calculate the remainder when 56753 is divided by 469.
4
Calculate the remainder when 82480 is divided by 82452.
28
Calculate the remainder when 2267 is divided by 2263.
4
Calculate the remainder when 45595 is divided by 380.
375
Calculate the remainder when 1016352 is divided by 829.
827
Calculate the remainder when 5428 is divided by 38.
32
What is the remainder when 1215 is divided by 433?
349
Calculate the remainder when 60153 is divided by 2406.
3
What is the remainder when 49541 is divided by 326?
315
Calculate the remainder when 403842 is divided by 26.
10
What is the remainder when 1605 is divided by 324?
309
Calculate the remainder when 10161 is divided by 21.
18
What is the remainder when 6708 is divided by 156?
0
Calculate the remainder when 195558 is divided by 256.
230
What is the remainder when 6824 is divided by 3385?
54
What is the remainder when 24339 is divided by 2024?
51
What is the remainder when 16352 is divided by 1621?
142
What is the remainder when 63208 is divided by 49?
47
What is the remainder when 409 is divided by 25?
9
What is the remainder when 1136 is divided by 151?
79
Calculate the remainder when 329 is divided by 175.
154
What is the remainder when 3024 is divided by 55?
54
Calculate the remainder when 85400 is divided by 6099.
14
What is the remainder when 4065 is divided by 153?
87
What is the remainder when 120213 is divided by 8?
5
Calculate the remainder when 291707 is divided by 55.
42
What is the remainder when 3760 is divided by 1880?
0
What is the remainder when 46188 is divided by 23063?
62
Calculate the remainder when 15917 is divided by 7821.
275
Calculate the remainder when 1278614 is divided by 237.
236
Calculate the remainder when 8329 is divided by 403.
269
What is the remainder when 11516 is divided by 768?
764
Calculate the remainder when 3327 is divided by 10.
7
Calculate the remainder when 722941 is divided by 184.
5
Calculate the remainder when 40888 is divided by 1076.
0
What is the remainder when 25206 is divided by 1127?
412
Calculate the remainder when 3923 is divided by 2871.
1052
What is the remainder when 75653 is divided by 60?
53
What is the remainder when 688 is divided by 281?
126
Calculate the remainder when 15669 is divided by 424.
405
What is the remainder when 104097 is divided by 17?
6
What is the remainder when 42991 is divided by 443?
20
Calculate the remainder when 126721 is divided by 137.
133
What is the remainder when 64344 is divided by 275?
269
What is the remainder when 415781 is divided by 15?
11
What is the remainder when 443347 is divided by 28?
23
What is the remainder when 71059 is divided by 76?
75
What is the remainder when 2520 is divided by 330?
210
Calculate the remainder when 1074 is divided by 325.
99
Calculate the remainder when 900 is divided by 204.
84
Calculate the remainder when 29888 is divided by 992.
128
Calculate the remainder when 126384 is divided by 184.
160
Calculate the remainder when 4507 is divided by 115.
22
Calculate the remainder when 3496 is divided by 3484.
12
What is the remainder when 6279 is divided by 112?
7
What is the remainder when 12499 is divided by 149?
132
Calculate the remainder when 1534 is divided by 675.
184
What is the remainder when 18653 is divided by 53?
50
Calculate the remainder when 129949 is divided by 43303.
40
What is the remainder when 7723883 is divided by 21?
20
Calculate the remainder when 4806 is divided by 209.
208
Calculate the remainder when 1971059 is divided by 665.
664
Calculate the remainder when 77806 is divided by 305.
31
Calculate the remainder when 20260 is divided by 2247.
37
Calculate the remainder when 10228 is divided by 1080.
508
What is the remainder when 51 is divided by 43?
8
What is the remainder when 30255 is divided by 1138?
667
Calculate the remainder when 4523 is divided by 264.
35
What is the remainder when 402106 is divided by 44678?
4
What is the remainder when 1232 is divided by 178?
164
Calculate the remainder when 764 is divided by 196.
176
Calculate the remainder when 16722 is di